{"id":29,"date":"2015-08-22T16:30:11","date_gmt":"2015-08-22T16:30:11","guid":{"rendered":"http:\/\/revistamirador.es\/?page_id=29"},"modified":"2015-08-26T20:35:46","modified_gmt":"2015-08-26T20:35:46","slug":"algo-de-nosotros","status":"publish","type":"page","link":"http:\/\/revistamirador.es\/?page_id=29","title":{"rendered":"Algo de Nosotros"},"content":{"rendered":"<p>La historia de la revista El Mirador comienza a gestarse en el a\u00f1o 2002. En este a\u00f1o empezamos a recoger las primeras im\u00e1genes y a preparar diversos art\u00edculos, que ver\u00edan la luz en formato de peri\u00f3dico en el a\u00f1o 2003.<\/p>\n<p>A partir de esta primera edici\u00f3n, hemos ido sumando a\u00f1o tras a\u00f1o nuevas mejoras, tanto en la calidad final del producto, como en la cantidad de p\u00e1ginas, fotograf\u00edas y art\u00edculos que aparec\u00edan en el. Gracias a ello hemos podido conocer a deportistas, actores, toreros, cortadores, jinetes y otros muchos personajes de primer nivel conocidos en toda Espa\u00f1a.<\/p>\n<p>Pero lo m\u00e1s importante de todo, ha sido conocer a la gente de cada uno de los municipios donde la revista El Mirador ha tenido el honor de presentarse. Medina del Campo, Ar\u00e9valo, Nava del Rey, Madrigal A.A. T.T. y Olmedo han sido las poblaciones de referencia para nuestra revista, donde podemos decir con la cabeza bien alta, que aparte de clientes, hemos hecho incontables amistades.<\/p>\n<p>Fue en el a\u00f1o 2007 cuando adoptamos el formato definitivo de revista a todo color. El resto ya lo conoc\u00e9is, todo lo interesante que sucede durante el a\u00f1o en vuestros municipios, ser\u00e1 la excusa perfecta para volver a vernos. Estaremos como y donde siempre, con una c\u00e1mara de fotos o de v\u00eddeo y charlando con los vecinos de cada poblaci\u00f3n. Y para acabar nunca olvid\u00e9is, que la mejor fotograf\u00eda y la mejor historia, siempre est\u00e1n por venir y los protagonistas volver\u00e9is a ser vosotros.<br \/>\n\u00a1Nos vemos en las calles!<\/p>\n","protected":false},"excerpt":{"rendered":"<p> &#8230; <a title=\"Algo de Nosotros\" class=\"read-more\" href=\"http:\/\/revistamirador.es\/?page_id=29\" aria-label=\"M\u00e1s en Algo de Nosotros\">Leer m\u00e1s<\/a><\/p>\n","protected":false},"author":1,"featured_media":0,"parent":0,"menu_order":0,"comment_status":"closed","ping_status":"closed","template":"","meta":{"_generate-full-width-content":"","ngg_post_thumbnail":0},"_links":{"self":[{"href":"http:\/\/revistamirador.es\/index.php?rest_route=\/wp\/v2\/pages\/29"}],"collection":[{"href":"http:\/\/revistamirador.es\/index.php?rest_route=\/wp\/v2\/pages"}],"about":[{"href":"http:\/\/revistamirador.es\/index.php?rest_route=\/wp\/v2\/types\/page"}],"author":[{"embeddable":true,"href":"http:\/\/revistamirador.es\/index.php?rest_route=\/wp\/v2\/users\/1"}],"replies":[{"embeddable":true,"href":"http:\/\/revistamirador.es\/index.php?rest_route=%2Fwp%2Fv2%2Fcomments&post=29"}],"version-history":[{"count":1,"href":"http:\/\/revistamirador.es\/index.php?rest_route=\/wp\/v2\/pages\/29\/revisions"}],"predecessor-version":[{"id":31,"href":"http:\/\/revistamirador.es\/index.php?rest_route=\/wp\/v2\/pages\/29\/revisions\/31"}],"wp:attachment":[{"href":"http:\/\/revistamirador.es\/index.php?rest_route=%2Fwp%2Fv2%2Fmedia&parent=29"}],"curies":[{"name":"wp","href":"https:\/\/api.w.org\/{rel}","templated":true}]}}

<p>La historia de la revista El Mirador comienza a gestarse en el año 2002. En este año empezamos a recoger las primeras imágenes y a preparar diversos artículos, que verían la luz en formato de periódico en el año 2003.</p>
<p>A partir de esta primera edición, hemos ido sumando año tras año nuevas mejoras, tanto en la calidad final del producto, como en la cantidad de páginas, fotografías y artículos que aparecían en el. Gracias a ello hemos podido conocer a deportistas, actores, toreros, cortadores, jinetes y otros muchos personajes de primer nivel conocidos en toda España.</p>
<p>Pero lo más importante de todo, ha sido conocer a la gente de cada uno de los municipios donde la revista El Mirador ha tenido el honor de presentarse. Medina del Campo, Arévalo, Nava del Rey, Madrigal A.A. T.T. y Olmedo han sido las poblaciones de referencia para nuestra revista, donde podemos decir con la cabeza bien alta, que aparte de clientes, hemos hecho incontables amistades.</p>
<p>Fue en el año 2007 cuando adoptamos el formato definitivo de revista a todo color. El resto ya lo conocéis, todo lo interesante que sucede durante el año en vuestros municipios, será la excusa perfecta para volver a vernos. Estaremos como y donde siempre, con una cámara de fotos o de vídeo y charlando con los vecinos de cada población. Y para acabar nunca olvidéis, que la mejor fotografía y la mejor historia, siempre están por venir y los protagonistas volveréis a ser vosotros.<br />
¡Nos vemos en las calles!</p>

<p> &#8230; <a title="Algo de Nosotros" class="read-more" href="http://revistamirador.es/?page_id=29" aria-label="Más en Algo de Nosotros">Leer más</a></p>
